composite number?
True
Is 14387 prime?
True
Is 20321 a composite number?
True
Is 17551 a composite number?
False
Is 1767923 a composite number?
False
Is 75401 a composite number?
False
Is 152123 prime?
True
Is 5857 a composite number?
False
Is 356387 composite?
False
Is 19517 a composite number?
True
Is 56569 a prime number?
True
Is 20173 composite?
False
Is 3187 a prime number?
True
Is 13309 prime?
True
Is 74123 prime?
False
Is 465051 prime?
False
Is 3163 composite?
False
Is 718541 a composite number?
False
Is 6373 a prime number?
True
Is 197311 a composite number?
False
Is 43103 prime?
True
Is 29123 composite?
False
Is 235099 composite?
False
Is 3785 a prime number?
False
Is 830495 prime?
False
Is 790565 composite?
True
Is 97103 composite?
False
Is 16789 a prime number?
False
Is 347903 composite?
True
Is 149921 composite?
False
Is 25873 prime?
True
Is 7061 a composite number?
True
Is 1887609 a prime number?
False
Is 26903 composite?
False
Is 190753 prime?
True
Is 7555 a composite number?
True
Is 50021 prime?
True
Is 3989 composite?
False
Is 23417 composite?
False
Is 135987 prime?
False
Is 761 a prime number?
True
Is 1987 a prime number?
True
Is 40879 a composite number?
False
Is 12881 prime?
False
Is 10334 a composite number?
True
Is 371927 prime?
True
Is 174473 composite?
True
Is 333187 prime?
True
Is 487031 a prime number?
False
Is 300397 a composite number?
False
Is 8893 a composite number?
False
Is 38963 a composite number?
True
Is 1381 composite?
False
Is 32353 composite?
False
Is 2815 prime?
False
Is 613 a composite number?
False
Is 22051 a prime number?
True
Is 85009 a composite number?
False
Is 36061 a composite number?
False
Is 103217 composite?
False
Is 3989 a prime number?
True
Is 24259 prime?
False
Is 10405 composite?
True
Is 1437187 a composite number?
False
Is 1412197 composite?
False
Is 158489 composite?
False
Is 128585 a prime number?
False
Is 12319 a composite number?
True
Is 5177 a composite number?
True
Is 11677 composite?
False
Is 60679 composite?
False
Is 1252886 composite?
True
Is 11539 composite?
True
Is 181499 composite?
False
Is 18799 prime?
False
Is 1462313 a prime number?
True
Is 591739 a prime number?
True
Is 47555 a prime number?
False
Is 2044931 a prime number?
False
Is 146427 prime?
False
Is 23543 prime?
False
Is 22891 composite?
True
Is 76853 a prime number?
False
Is 2879 a composite number?
False
Is 8411 a prime number?
False
Is 2005 composite?
True
Is 1746737 prime?
True
Is 160411 composite?
True
Is 7453 prime?
False
Is 28319 prime?
True
Is 2581 prime?
False
Is 683069 a composite number?
True
Is 580079 prime?
True
Is 12587 composite?
True
Is 333173 composite?
True
Is 33641 composite?
False
Is 2939 a composite number?
False
Is 2633 a prime number?
True
Is 192599 prime?
False
Is 10006 prime?
False
Is 1275769 composite?
True
Is 49297 a prime number?
True
Is 5079 composite?
True
Is 1142779 composite?
True
Is 3304297 prime?
True
Is 1171 composite?
False
Is 47893 prime?
False
Is 34469 composite?
False
Is 8849 prime?
True
Is 23897 prime?
False
Is 4388689 a prime number?
True
Is 2066213 a composite number?
True
Is 143183 composite?
True
Is 3398 prime?
False
Is 27011 composite?
False
Is 27971 a composite number?
True
Is 24239 a prime number?
True
Is 23971 a prime number?
True
Is 951479 prime?
True
Is 1133 a prime number?
False
Is 98621 prime?
True
Is 39659 a prime number?
True
Is 3011 composite?
False
Is 12979 prime?
True
Is 7897 a composite number?
True
Is 23794 a composite number?
True
Is 7379 a prime number?
False
Is 7753 a prime number?
True
Is 23327 prime?
True
Is 11549 prime?
True
Is 29033 composite?
False
Is 666797 prime?
False
Is 63269 prime?
False
Is 31187 prime?
False
Is 20171 composite?
True
Is 14995 composite?
True
Is 12323 prime?
True
Is 452453 a composite number?
False
Is 4073 prime?
True
Is 226301 composite?
True
Is 303445 prime?
False
Is 820967 prime?
False
Is 6773 a prime number?
False
Is 5163 a composite number?
True
Is 1819957 composite?
False
Is 659 prime?
True
Is 26369 composite?
True
Is 181603 a prime number?
True
Is 7039 prime?
True
Is 428699 a prime number?
False
Is 164927 prime?
False
Is 166097 a composite number?
True
Is 13379 a prime number?
False
Is 13619 composite?
False
Is 7681 composite?
False
Is 174147 a prime number?
False
Is 3623 a composite number?
False
Is 614 a composite number?
True
Is 696929 composite?
False
Is 5599 prime?
False
Is 553477 prime?
False
Is 103 a composite number?
False
Is 53693 composite?
False
Is 48371 a prime number?
True
Is 37087 a prime number?
True
Is 135173 composite?
False
Is 661891 prime?
False
Is 156913 composite?
False
Is 67867 a composite number?
False
Is 9901 prime?
True
Is 2503 composite?
False
Is 7115 a prime number?
False
Is 158533 a prime number?
False
Is 139981 a prime number?
True
Is 137507 composite?
False
Is 1049233 composite?
True
Is 3593 a composite number?
False
Is 8263 a prime number?
True
Is 46862 a composite number?
True
Is 1106551 composite?
True
Is 31439 composite?
True
Is 38113 prime?
True
Is 1715497 a composite number?
True
Is 359939 composite?
True
Is 62267 a prime number?
False
Is 6247 a composite number?
False
Is 7789 a composite number?
False
Is 3168449 composite?
False
Is 72251 prime?
True
Is 80407 composite?
False
Is 9327757 a composite number?
False
Is 12439 a prime number?
False
Is 76561 composite?
False
Is 373553 composite?
False
Is 702217 composite?
True
Is 4721 a prime number?
True
Is 379265 a prime number?
False
Is 1005761 prime?
True
Is 401861 composite?
False
Is 44141 a composite number?
True
Is 1681799 prime?
False
Is 67927 a prime number?
True
Is 7348087 a prime number?
True
Is 244913 a prime number?
False
Is 7115 prime?
False
Is 16609 prime?
False
Is 113929 composite?
True
Is 277289 a composite number?
True
Is 11773 composite?
True
Is 246289 composite?
False
Is 1365163 a prime number?
True
Is 34297 prime?
True
Is 15511 composite?
False
Is 72461 composite?
False
Is 5719001 composite?
False
Is 2427811 a prime number?
False
Is 3079 a prime number?
True
Is 61003 prime?
False
Is 74581 composite?
True
Is 1357 prime?
False
Is 9871 prime?
True
Is 3967 a prime number?
True
Is 1514273 composite?
False
Is 87287 composite?
True
Is 297409 composite?
True
Is 2020341 a composite number?
True
Is 192149 prime?
True
Is 77329 a composite number?
True
Is 6683 a composite number?
True
Is 556653 composite?
True
Is 5195 prime?
False
Is 3263 a composite number?
True
Is 2777 prime?
True
Is 32837 prime?
False
Is 596777 a composite number?
True
Is 174487 a composite number?
False
Is 90121 a prime number?
True
Is 317014 composite?
True
Is 16789 a composite number?
True
Is 202549 a composite number?
False
Is 1197881 composite?
False
Is 32605 a composite number?
True
Is 739 composite?
False
Is 494251 a composite number?
False
Is 1900157 a composite number?
True
Is 975331 prime?
False
Is 128653 a composite number?
True
Is 1003193 prime?
True
Is 45247 a prime number?
True
Is 208289 prime?
False
Is 238949 composite?
False
Is 871 prime?
False
Is 305755 prime?
False
Is 11549 a composite number?
False
Is 29227 prime?
False
Is 6607 a composite number?
False
Is 465761 prime?
True
Is 1427123 a prime number?
False
Is 13001 prime?
True
Is 16033 prime?
True
Is 606047 a prime number?
False
Is 3766853 composite?
False
Is 1289735 prime?
False
Is 224021 a composite number?
True
Is 1931 prime?
True
Is 6953 a composite number?
True
Is 538763 a prime number?
True
Is 1062107 composite?
False
Is 17159 a prime number?
True
Is 2973353 composite?
True
Is 39965 a composite number?
True
Is 178439 prime?
True
Is 642011 a prime number?
True
Is 677 prime?
True
Is 59309 prime?
False
Is 11157 a composite number?
True
Is 80419 a composite number?
True
Is 3455 a prime number?
False
Is 7283 prime?
True
Is 8191 a prime number?
True
Is 121029 composite?
True
Is 33493 composite?
False
Is 264773 prime?
False
Is 52571 a composite number?
False
Is 349289 composite?
True
Is 250343 prime?
True
Is 7753 composite?
False
Is 45685 a composite number?
True
Is 81467 composite?
True
Is 36197 a prime number?
False
Is 70502 composite?
True
Is 7066 a composite number?
True
Is 223159 a prime number?
False
Is 97655 prime?
False
Is 2081 a composite number?
False
Is 26459 prime?
True
Is 8925767 pr